21. Determine y(-5).
-4
Let a(z) = -9*z - 7. Determine a(-4).
29
Let f(w) = -w**2 + 20*w + 15. What is f(21)?
-6
Let h(c) = 5*c + 3. What is h(4)?
23
Let n(g) = -4*g - 34. Determine n(-12).
14
Let z(h) = h**3 + 3*h**2 + 3*h + 3. What is z(-2)?
1
Let w(p) = -p + 4. Calculate w(-3).
7
Let a(t) = t**2 - t - 12. Determine a(0).
-12
Let o(f) = -f**3 + 25*f**2 - 5*f + 134. Determine o(25).
9
Let s(g) = g**3 - g + 7. Determine s(-3).
-17
Let b(s) = -144*s - 710. Give b(-5).
10
Let p(r) = 2*r**3 + 6*r**2 - 6*r + 4. Calculate p(-4).
-4
Let p(u) = -3*u - 2. Determine p(9).
-29
Let p(x) = -x**2 + 4*x - 3. Give p(-5).
-48
Let p(u) = u**2 + 10*u - 40. Calculate p(-13).
-1
Let v(p) = p**3 + 13*p**2 - 7*p - 26. Determine v(-13).
65
Let i(g) = -g**3 - 21*g**2 - 41*g - 46. What is i(-19)?
11
Let z(y) = 3*y**2 - 15*y + 41. Determine z(6).
59
Let w(g) = -12*g + 710. Determine w(59).
2
Let r(v) = -2*v**3 - v**2 - v - 8. Calculate r(0).
-8
Let x(w) = 7*w - 62. What is x(-11)?
-139
Let r(t) = 7*t**2 - 7*t - 7. Determine r(-1).
7
Let i(t) = 2*t**2 - 22*t - 15. What is i(11)?
-15
Let p(f) = 3*f - 7. Give p(3).
2
Let b(o) = -o**3 + 18*o**2 + 16*o + 39. What is b(19)?
-18
Let a(j) = -7*j**3 + j**2 + j + 1. Calculate a(-1).
8
Let y(s) = -34*s - 70. What is y(-2)?
-2
Let j(b) = 3*b + 43. Calculate j(-15).
-2
Let l(r) = -r**2 + 9*r + 9. Give l(7).
23
Let b(o) = 2*o**2 + 3*o - 4. Calculate b(-3).
5
Let c(g) = 15*g + 254. Determine c(-17).
-1
Let i(g) = -g + 63. Determine i(10).
53
Let i(n) = 12*n**2 + 4*n + 3. Calculate i(-2).
43
Let v(c) = 22*c + 85. Calculate v(-4).
-3
Let o(m) = 2*m**3 + 3*m**2 - 2*m. Give o(1).
3
Let s(i) = -i**3 + 6*i**2 + 7*i - 9. Calculate s(7).
-9
Let l(x) = -32*x + 131. Calculate l(4).
3
Let q(y) = 2*y**2 - 15*y + 7. What is q(7)?
0
Let v(o) = o**2 + 4*o + 15. Determine v(-4).
15
Let y(i) = -2*i**2 + 5*i + 8. Determine y(7).
-55
Let t(z) = z**3 - 16*z - 18. Calculate t(-3).
3
Let y(a) = -2*a**2 + 86*a - 91. Give y(42).
-7
Let l(v) = -11*v**3 + 2*v**2 + 4*v + 5. Give l(-2).
93
Let q(c) = c**3 + 17*c**2 + 15*c + 4. Calculate q(-16).
20
Let n(d) = d**2 + 2*d - 17. Determine n(0).
-17
Let w(u) = u**2 + 5*u. Determine w(-5).
0
Let d(m) = 12*m + 5. Calculate d(-2).
-19
Let t(r) = -2*r**3 - 9*r**2 - 6*r - 17. Calculate t(-4).
-9
Let v(u) = -4*u + 39. Determine v(11).
-5
Let u(d) = -d**3 + 4*d**2 + 3. Give u(4).
3
Let a(v) = -8*v**3 + 2*v**2 + 2*v + 1. What is a(-1)?
9
Let n(b) = -2*b + 23. Determine n(0).
23
Let j(g) = g**2 + 9*g - 22. What is j(-10)?
-12
Let v(g) = -4*g**2 + 10*g + 10. Determine v(3).
4
Let h(v) = 4*v**2 + 35*v - 4. Give h(-9).
5
Let y(l) = -l + 21. Give y(20).
1
Let n(o) = -3*o - 4. What is n(12)?
-40
Let m(l) = l - 4. Determine m(7).
3
Let v(d) = -d**3 - 10*d**2 + 25*d + 18. Calculate v(-12).
6
Let p(q) = q**3 - 6*q**2 + 13*q - 19. Give p(3).
-7
Let t(r) = -13*r**2 - 2*r + 2. What is t(2)?
-54
Let y(b) = b**3 - 2*b**2 - 3*b + 3. What is y(6)?
129
Let s(m) = -5*m + 13. Determine s(5).
-12
Let f(x) = -32*x**2 + 4*x + 3. Give f(-1).
-33
Let w(c) = 22*c - 105. Calculate w(4).
-17
Let r(f) = f**3 - 5*f**2 - 25*f + 14. Calculate r(8).
6
Let z(n) = -n**2 - 2*n - 3. Give z(-5).
-18
Let o(p) = p**2 + 25*p - 185. Calculate o(-31).
1
Let w(c) = 11*c**3 - c + 2. Determine w(1).
12
Let c(k) = -k + 14. Give c(17).
-3
Let f(m) = -2*m + 51. Calculate f(9).
33
Let q(k) = -6*k**2 - 139*k - 28. Calculate q(-23).
-5
Let b(j) = 2*j + 1. Calculate b(4).
9
Let h(p) = -2*p**3 - p**2 - 2*p + 6. Determine h(3).
-63
Let t(y) = 2*y + 25. Calculate t(-9).
7
Let g(f) = -9*f - 28. Give g(-2).
-10
Let n(m) = -m**2 + 15*m + 372. Calculate n(29).
-34
Let m(y) = y - 4. What is m(-4)?
-8
Let m(k) = k**3 + 7*k**2 + k - 18. Calculate m(-7).
-25
Let y(n) = 3*n - 20. What is y(-21)?
-83
Let s(n) = -2*n**2 + 19*n + 19. Give s(-1).
-2
Let d(u) = -6*u**3 - 2*u + 1. Give d(1).
-7
Let k(g) = -g + 3. Determine k(-7).
10
Let d(t) = -2*t**3 + 7*t**2 - 2*t - 3. Give d(3).
0
Let o(a) = a**3 - 20*a**2 - 40*a - 86. Give o(22).
2
Let d(s) = -2*s**2 - 2*s + 3. Calculate d(4).
-37
Let s(r) = -2*r**3 + 7*r**2 + 2*r - 18. What is s(3)?
-3
Let u(m) = -2*m - 40. Give u(-6).
-28
Let h(t) = -t**2 - 18*t + 19. Determine h(-18).
19
Let x(a) = -66*a + 653. Give x(10).
-7
Let s(v) = -v**3 - 3*v**2 + 2*v + 2. Give s(-3).
-4
Let c(a) = -a**3 + 33*a**2 - 35*a + 101. What is c(32)?
5
Let w(n) = 3*n**3 - 9*n**2 + 6*n - 19. Calculate w(3).
-1
Let l(g) = -g**3 + 6*g**2 + 5*g + 14. What is l(7)?
0
Let u(s) = -22*s. Determine u(-2).
44
Let i(x) = -13*x**3 + x**2 - 2*x + 1. Calculate i(1).
-13
Let g(z) = z**3 - 7*z**2 - 23*z - 9. Give g(10).
61
Let q(t) = 2*t**2 + 18*t + 31. Calculate q(-9).
31
Let y(m) = 3*m - 8. Give y(-8).
-32
Let q(o) = -o**3 - 17*o**2 - 15*o + 13. Give q(-16).
-3
Let d(a) = -6*a + 35. Calculate d(-8).
83
Let g(h) = h**2 + 17*h + 30. Determine g(-22).
140
Let l(n) = 4*n**2 - 20*n + 2. Give l(7).
58
Let l(h) = -h**2 + 10*h - 9. What is l(6)?
15
Let w(f) = f**2 + 9*f + 2. Determine w(-6).
-16
Let p(o) = -2*o**3 - 11*o**2 + 22*o + 13. What is p(-7)?
6
Let r(o) = -9*o**3 + 2*o**2 + 3*o + 2. What is r(-1)?
10
Let z(u) = 2*u**2 + 12*u - 17. Give z(-7).
-3
Let r(t) = t**2 - 28*t + 42. What is r(25)?
-33
Let j(a) = a**2 + 11*a + 15. What is j(-9)?
-3
Let h(k) = -2*k**3 + 11*k**2 - 13*k + 112. Give h(6).
-2
Let l(w) = -4*w - 24. Give l(0).
-24
Let j(x) = -4*x - 85. What is j(-20)?
-5
Let u(y) = -2*y + 28. Calculate u(-6).
40
Let n(w) = -4*w**3 - 18*w**2 + 11*w + 12. Give n(-5).
7
Let n(t) = t. What is n(2)?
2
Let o(d) = -8*d - 191. Calculate o(-27).
25
Let j(o) = 9*o**2 - 1. Calculate j(1).
8
Let j(v) = 4*v - 104. Calculate j(22).
-16
Let n(g) = -g**3 + 8*g**2 - 4*g + 6. Calculate n(7).
27
Let k(i) = -i**3 + 18*i**2 - 18*i + 13. Calculate k(17).
-4
Let z(j) = -5*j**3 - 3*j**2 - 3*j - 2. Give z(-2).
32
Let c(x) = 10*x + 12. Determine c(2).
32
Let p(m) = -m**3 + 15*m**2 - 26*m. Calculate p(13).
0
Let j(l) = -l**3 - 4*l + 5. What is j(1)?
0
Let r(v) = -6*v - 9. Determine r(-6).
27
Let r(a) = -a**2 + 2*a - 1. Determine r(1).
0
Let i(z) = 8*z - 36. Give i(5).
4
Let u(w) = 3*w - 22. Determine u(7).
-1
Let k(h) = -h**3 - 5*h**2 - 2*h - 7. Give k(-7).
105
Let v(b) = 14*b**2 + b - 2. Give v(-2).
52
Let s(h) = -2*h + 1. What is s(-3)?
7
Let u(k) = -63*k - 8. Give u(2).
-134
Let m(f) = -25*f**2 - f + 1. Determine m(1).
-25
Let f(r) = -r**2 - 13*r - 6. What is f(-10)?
24
Let v(o) = 2*o**2 - 1. Determine v(-5).
49
Let i(p) = -244*p**3 + 2*p - 1. What is i(1)?
-243
Let a(y) = 2*y**2 - 28*y - 18. Give a(15).
12
Let h(f) = -2*f**3 - 3*f**2 + 3*f - 1. Determine h(1).
-3
Let l(j) = j**3 - 21*j**2 + j - 27. What is l(21)?
-6
Let i(t) = -2*t**2 - 3*t + 5. Determine i(0).
5
Let w(y) = -y**2 + 11*y + 39. Determine w(15).
-21
Let l(p) = 87*p - 4. Give l(0).
-4
Let w(d) = d**3 - d**2 - 4*d + 8. Give w(6).
164
Let q(n) = n**3 + 15*n**2 + 3*n + 37. Give q(-15).
-8
Let g(i) = -i**3 - 17*i**2 - 9*i + 21. What is g(-16)?
-91
Let a(b) = -100*b**2 + 1. Give a(-1).
-99
Let p(r) = 10*r**2 - 2*r - 1. Calculate p(4).
151
Let h(x) = -8*x**2 + 5*x + 15. Calculate h(-3).
-72
Let w(j) = -j**2 - 11*j - 5. What is w(-12)?
-17
Let t(d) = 14*d**2 + 2*d - 2. What is t(-2)?
50
Let j(z) = -z**2 + 57. Determine j(0).
57
Let q(f) = -4*f**3 + 19*f**2 - 7*f + 7. Calculate q(4).
27
Let p(b) = -b**3 + 10*b**2 + 11*b - 16. Determine p(11).
-16
Let t(h) = 8*h + 291. Give t(-37).
-5
Let f(c) = 9*c - 14. What is f(4)?
22
Let s(t) = -t**2 - 8*t - 11. Determine s(-5).
4
Let d(j) = j**2 + 11*j - 3. Determine d(-10).
-13
Let f(s) = -49*s + 352. What is f(7)?
9
Let w(l) = 10*l - 4. Calculate w(-4).
-44
Let j(f) = f**2 - f + 2. Determine j(2).
4
Let d(c) = -c**2 - 5*c + 12. Determine d(-4).
16
Let r(n) = 2*n**2 - 35. Give r(-5).
15
Let z(y) = -y**3 + 3*y**2 + 5*y - 9. What is z(4)?
-5
Let n(a) = 3*a + 81. Calculate n(-25).
6
Let f(g) = -g**3 + 43*g**2 - 2*g + 81. What is f(43)?
-5
Let q(u) = -u**2 + 4*u - 3. Give q(3).
0
Let j(w) = w**3 - 3*w**2 + 7*w - 5. Calculate j(2).
5
Let x(u) = 12*u - 46. What is x(9)?
62
Let d(k) = 2*k**3 + 28*k**2 - 29*k + 18. Give d(-15).
3
Let q(u) = 2*u**3 - 3*u**2 - 3*u - 2. What is q(3)?
16
Let r(n) = -n**3 + 5*n**2 + 9*n + 8. Determine r(6).
26
Let l(h) = -4*h + 25. Calculate l(0).
25
Let b(f) = 3*f**3 + 62*f**2 + 44*f +